ivisor of k and 140.
20
Suppose -37 = 3*t + 5*b - 172, -b = -2*t + 90. Suppose 0 = 4*k - 59 - 1. What is the highest common factor of t and k?
15
Let s be 5 + 186/9 - (-2)/6. Calculate the highest common divisor of 78 and s.
26
Let b(p) = -p - 1. Let y be b(-6). Suppose 9 + y = 2*h. Let j = 18 - h. What is the highest common divisor of 77 and j?
11
Suppose -3*i + 361 = y, -5*y - i + 1766 = i. Calculate the greatest common divisor of 44 and y.
44
Let k(c) = c**2 - c + 2. Let s be k(0). Let y be (-72)/s*(-2)/4. What is the greatest common divisor of y and 12?
6
Let b(i) = -i**2 - 12*i - 2. Let h be b(-11). Calculate the greatest common factor of 72 and h.
9
Let f = 36 + -23. Let v = 2 + f. Let n = 113 - -52. What is the greatest common factor of n and v?
15
Let i = 6 + 0. Suppose 3*v = 4*f + 1 + 31, 14 = 3*v + 5*f. Suppose -12 = -2*a - v. Calculate the greatest common divisor of a and i.
2
Let z(g) = 8*g**2 + g - 1. Let d be 1 + -3 + 21/7. Let x be z(d). Let l be 2/x + (-3)/(-4). Calculate the highest common factor of 8 and l.
1
Suppose 3*p + 23 - 44 = 0. Calculate the greatest common factor of p and 1.
1
Let k = 122 - 56. Calculate the highest common divisor of 33 and k.
33
Let x be (-14)/((-7)/(-4) - 2). Suppose 26 = 4*p - 6. What is the greatest common factor of p and x?
8
Let z = -27 - -36. Suppose 3*m - 28 + 10 = 0. What is the greatest common divisor of z and m?
3
Suppose 0 = -k - 4*m + 6 + 2, 4*m + 4 = 0. Suppose n = 3 + 1. Let a be (-1 - 2) + n - -11. Calculate the highest common factor of a and k.
12
Suppose -280 = -2*v - 3*y, 363 = 4*v - 4*y - 197. Suppose 3*d = -2*l + 5*l - 45, -3*l = -4*d - 46. What is the greatest common divisor of l and v?
14
Let l be (1 + 69)*6/15. What is the highest common factor of l and 4?
4
Suppose -2*q + 162 = 2*y, 0 = 3*y + 4*q - 215 - 29. What is the highest common divisor of y and 20?
20
Suppose -10*q + 280 = -2*q. What is the greatest common divisor of 140 and q?
35
Let o(w) = -58*w - 4. Let h be o(-2). What is the highest common divisor of h and 16?
16
Let j(g) = -6*g + 8. Let x be j(-15). Calculate the highest common factor of 14 and x.
14
Suppose 0*s - 11 = 2*s + 3*c, -3*c = s + 13. Let w = 1 + s. Calculate the greatest common divisor of w and 3.
3
Let p = -40 + 79. What is the highest common divisor of 78 and p?
39
Let z = 143 - 99. Calculate the highest common divisor of z and 132.
44
Suppose 30 + 72 = 3*b. Let d be 6/(-4)*(-528)/(-9). Let a = d - -173. What is the greatest common factor of a and b?
17
Suppose 3*d = -4*i - 4, -d = -i + d + 10. Suppose -541 - 89 = -i*h. Suppose -3*n = -0*n - h. What is the highest common factor of 15 and n?
15
Suppose 0 = -2*a - 2, -p - 2*a = -25. What is the greatest common divisor of p and 3?
3
Let p = 48 - 33. Calculate the greatest common factor of 20 and p.
5
Let f be (26/(-4))/((-9)/36). What is the highest common divisor of 78 and f?
26
Suppose 3*c = 5*c - 6. Suppose -c*o = o - 8. Suppose -2*s + 36 = 3*x + 2*x, -o*x + 4*s = -24. Calculate the greatest common divisor of x and 56.
8
Let z be (-36)/(-30)*(-20)/(-6). What is the greatest common factor of 12 and z?
4
Suppose -4 = -d - 2. Suppose -d*p + 29 - 5 = 0. Let q be 33 + (-1)/(1/(-3)). What is the highest common divisor of q and p?
12
Let i(v) = 7*v - 1. Let g be i(2). Calculate the highest common divisor of g and 117.
13
Let n be 0 + 1 + 1 + -1. Let s be (n + 0)*(2 - -11). Calculate the greatest common factor of 65 and s.
13
Let b = 0 - -3. Let l(a) = 4*a**2 + 2*a. Let k be l(b). Let q be 12/k + 108/14. Calculate the greatest common factor of 16 and q.
8
Let q be (28/(-20))/((-2)/20). What is the highest common divisor of 56 and q?
14
Suppose 0 = -15*r + 11*r + 300. Calculate the highest common divisor of 30 and r.
15
Suppose 5*h - 210 = 5*o, -2*h - 3*o + 84 = o. What is the highest common divisor of 28 and h?
14
Let n be (2 - 1 - 4)*12/(-9). What is the greatest common divisor of n and 20?
4
Suppose 5*k = 3*k + 6. Let j(d) = 4*d + 3. Let c be j(k). Suppose 5*p + 25 = -0*p, -p + c = 5*b. What is the greatest common factor of 16 and b?
4
Let x be 8/24 - 2/(-3). Let o be -1*-5*(4 - x). Calculate the highest common divisor of o and 6.
3
Let k(g) = -g**2 - 15*g - 31. Let c be k(-9). Calculate the greatest common factor of 368 and c.
23
Suppose 123 - 321 = -6*j. Let s = j + -24. Calculate the highest common factor of s and 27.
9
Suppose -4*w + 0*w + q = -53, 0 = -w - 5*q - 13. Let t be -2 - (-1 - 1*4). What is the greatest common divisor of t and w?
3
Let s = -1 - -1. Suppose 2*i + 31 = 129. Suppose s = -4*a + 16, -3*a - i - 4 = -r. Calculate the highest common factor of r and 13.
13
Suppose 4*j = 2*n + 24 + 42, 4*n - 89 = -5*j. Let z = j - 10. What is the greatest common divisor of 35 and z?
7
Let h = 45 - -67. Suppose -3*u - 3*i = -2*i - 58, 0 = i - 4. Suppose 2*p = 14 + u. What is the greatest common divisor of p and h?
16
Let p = -38 - -80. Let s(r) be the second derivative of r**5/20 - r**4/4 - r**3/3 - r**2 + r. Let g be s(4). Calculate the greatest common factor of p and g.
6
Let h be 287/5 + -2 + (-24)/60. What is the greatest common divisor of 5 and h?
5
Let p(h) = -h**3 + 14*h**2 + 2*h + 19. Let d be p(14). What is the greatest common divisor of d and 47?
47
Let y(a) = 2*a. Let r be y(6). Let f(v) = -v**3 + 12*v**2 + 15. Let b be f(r). What is the greatest common divisor of b and 5?
5
Suppose 1 = y - 1. Suppose y*t = 183 + 279. Calculate the greatest common divisor of 21 and t.
21
Let h(d) = -2*d**3 - d**2 - 2. Let f be h(-3). Suppose y = -2*l + 4*y + 64, -l - 4*y = -f. Let c be -3*2*(-15)/18. What is the highest common factor of l and c?
5
Let u(g) = g**3 - 4*g**2 - g + 4. Let v be u(5). Let b(n) = n**3 - 2*n**2 + n + 1. Let i be b(2). What is the greatest common divisor of i and v?
3
Suppose -2*n + 13 - 3 = 0. Suppose -n = -0*x - 5*x. Calculate the greatest common divisor of x and 5.
1
Suppose -5*k + 165 = 3*g, 52 + 56 = 2*g + 4*k. Calculate the greatest common divisor of g and 24.
12
Let x = 12 - 27. Let a = x - -45. Let p = 69 + -49. Calculate the greatest common divisor of a and p.
10
Let z(m) = -m + 6. Suppose 2*j - j + 5 = 0. Let d be z(j). What is the highest common factor of 44 and d?
11
Let o(c) = c**3 + c**2 + 2. Let i be o(-4). Let l = -31 - i. What is the greatest common divisor of 165 and l?
15
Suppose -q = -u, -2*q = -4*u + 7 + 1. Let k(x) = 2*x**2 - 3*x + 1. Let b be k(u). Calculate the highest common factor of b and 3.
3
Let c = -5 - -8. Suppose c*q - 37 + 2 = 5*o, 70 = 3*q + 2*o. Let n be (-2)/(-12) + (-1073)/(-222). Calculate the greatest common divisor of q and n.
5
Let t be 5*(-2)/15*-33. Suppose -8 = -2*v + t. Let d = 142 + -37. What is the greatest common factor of v and d?
15
Suppose 4*k - 1035 = -k. What is the greatest common divisor of k and 23?
23
Let j be 2/8 + (-26)/8. Let r = 0 - j. Let n be (-18)/8*(-120)/10. Calculate the highest common factor of r and n.
3
Let o(h) = -h**3 - 9*h**2 + 10*h + 10. Let z be o(-10). Let i = -85 - -165. What is the greatest common factor of z and i?
10
Let t be 2/((2/5)/1). Suppose 4*z - 38 = -5*a, 0 = z + 5*a - t - 12. What is the highest common divisor of 35 and z?
7
Let n(a) = 21*a**2 + a - 2. Let g be n(1). Suppose -2*k = -46 - g. Calculate the highest common factor of 99 and k.
33
Let i be (561/(-6))/(1/(-2)). Let x be 3/3 + 16/1. What is the greatest common divisor of i and x?
17
Suppose 7*m - 140 = -5*v + 3*m, 68 = 2*v + 4*m. Calculate the greatest common factor of 48 and v.
24
Suppose -2*y = 2*y - 16. Let v be y/10 + (-584)/10. Let f = -30 - v. Calculate the highest common factor of f and 4.
4
Let m be (-10)/4*(-48)/2. Calculate the highest common divisor of 150 and m.
30
Let o = -83 + 107. What is the highest common factor of o and 36?
12
Suppose 0*g - g - 96 = 0. Let x be 194 - (4 - 2)/(-2). Let n = g + x. What is the greatest common divisor of n and 9?
9
Suppose 2*u - 1 = 3. Suppose -2 = t - u*t. Suppose 2*m = -2*l + 12, t*m + 2 + 2 = 2*l. What is the highest common divisor of m and 4?
2
Let y = 8 + 0. Let k be 2/((-12)/y - -2). Calculate the highest common factor of k and 28.
4
Let i be ((-1)/(-2))/((-4)/(-1320)). Calculate the greatest common divisor of i and 15.
15
Let p be (-3 + -13)*(-78)/8. Suppose 0 = -4*i - 0*i + p. S